hat is the units digit of h?
8
Let x(t) = 1128*t**3 + 80*t - 163. What is the hundreds digit of x(2)?
0
Let r(f) = 20*f**3 + f**2 - 3*f + 2. Let q be r(2). Suppose 30*d = 26*d + q. Suppose -160 - d = -5*a. What is the units digit of a?
0
Let j(l) = -2*l**3 + 2*l**2 + 3*l + 2. Let z be j(2). Suppose z*o - 5*o + s = -641, 0 = 4*o + 3*s - 509. What is the units digit of o?
8
Let v be (-89641)/(-68) - 5/4. Suppose 2*p + 2*f - 1332 = 0, 2*p - 12*f - v = -9*f. What is the units digit of p?
3
Suppose 5*c = 4*o - 3*o + 35, -5*o - 3*c = 287. Let r = -27 - o. What is the tens digit of r?
2
Let u(q) = 168*q**2 - 3*q - 3. Let g be u(-2). Suppose -22*p + 17*p = -g. Suppose -170 = -5*i - a, i - 5*i - a = -p. What is the units digit of i?
5
Suppose 24*n - 2*v - 57528 = 23*n, -v + 230067 = 4*n. What is the units digit of n?
8
Let j be ((-16)/20)/((-4)/(-130) - 0). Let s(w) = -29*w - 32. What is the units digit of s(j)?
2
Suppose -2*o = 2*s + 130, 2*o + 4*s = -29 - 101. Let w = o - -24. Let p = 1 - w. What is the tens digit of p?
4
Let r(m) = 88*m + 771. What is the thousands digit of r(27)?
3
Suppose -102 = -11*c + 8. Suppose -11*w - c - 12 = 0. What is the tens digit of -12*17/w + 3?
0
Let w be (-1 - 1)/(1/1) + 132. Suppose -u + w = 3. What is the tens digit of u?
2
Let k = -242 - -476. Let h = 670 - k. What is the hundreds digit of h?
4
Suppose c + c + 120 = 0. Let r be 646/6 + 35/105. Let g = c + r. What is the units digit of g?
8
Let x be 9 - 4*-1*(-6)/8. What is the tens digit of ((-248)/6 + x)/((-2)/3)?
5
Let p be (-5)/(80/28)*(8 + -4). What is the units digit of (-8005)/(-35) + (-2)/p?
9
Let z = 3073 - 648. What is the hundreds digit of z?
4
Let s = -3842 + 6665. What is the thousands digit of s?
2
Let h(u) = 1311*u + 328. What is the hundreds digit of h(3)?
2
Let x(v) = -v**2 + 26*v - 16. Let u(b) = b**2 - 4*b - 5. Let w be u(-2). Suppose 0 = -i - 5*r + 32, -3*i + w*i = 5*r + 53. What is the tens digit of x(i)?
3
Suppose 55185 = 5*r + 10*x - 6*x, 5*r + 3*x - 55185 = 0. What is the ten thousands digit of r?
1
Let y(w) = -w**3 + 18*w**2 + 15*w + 38. Let o be y(19). Let k = o + 100. What is the units digit of k?
2
Suppose 3*x - 17 = -k, 0 = -3*x - 4*k + 5 + 9. Let u be x/(-45) - ((-3926)/(-30) - 2). What is the hundreds digit of ((-60)/8)/(u/120 + 1)?
1
What is the ten thousands digit of 14541/1 + (-25)/10*(-8)/20?
1
Let h be (-6)/(-9) + (-256)/6 + -1. Let g = 39 + h. What is the hundreds digit of 4/14 - (3805/(-35) - g)?
1
Let y(g) be the third derivative of g**5/20 - 4*g**3/3 - 2*g**2. Let k be ((-72)/90)/((-1)/5). What is the tens digit of y(k)?
4
Suppose q + 4*r = 28443, 2*q + 100*r = 96*r + 56886. What is the units digit of q?
3
Let c be 0 + 64/(-8) + (0 - 0). Let k(v) = -12*v - 78. What is the tens digit of k(c)?
1
Let i(p) be the second derivative of p**4/4 - p**3/2 - 15*p**2/2 - 4*p. Suppose 2*q = 4*z + 16, 39*z - 22 = -4*q + 37*z. What is the units digit of i(q)?
5
What is the hundreds digit of ((-7517)/(4/(-64)*-40))/((-2)/25)?
5
Let h = 9566 + -4597. What is the thousands digit of h?
4
Suppose -216*a - 159*a + 42733172 = 407*a. What is the units digit of a?
6
Let c = 217 - 113. Suppose 7 = q + 6. Let s = c + q. What is the tens digit of s?
0
Let g(c) = -5*c**3 + 19*c**2 + 63*c + 44. What is the tens digit of g(-10)?
1
Let l = 28 - 24. Suppose -84 = -2*b - 3*c + 2*c, l*c = -b + 49. Let h = 85 - b. What is the tens digit of h?
4
Let a = -4 + 4. Let q(x) = x**2 + 6*x - 21. Let d be q(-9). What is the units digit of (a - (d - 2))/(2/(-28))?
6
Let w = -46 + 49. What is the units digit of (-9 + w + 0/1)*-107?
2
Let c(a) = 2*a**2 + 8*a + 4. Let h be c(-5). Let o(b) = -b**3 - 6*b**2 + 5*b - 14. Let r be o(-7). Suppose -h*g + 10*g + 304 = r. What is the units digit of g?
6
Let s(t) = -772*t - 1584. What is the units digit of s(-85)?
6
Let n(s) = -2085*s - 437. What is the hundreds digit of n(-3)?
8
Suppose g - 5*l = 18, 0 = -4*g + 9*l - 8*l + 110. Suppose f - 696 = -g*f. What is the units digit of f?
4
Suppose 0*z = -3*z - a + 26, -4*z + 24 = -4*a. Let s(c) = -c**3 - 7*c**2 - 9*c + 2. Let g be s(-5). What is the tens digit of 217/z + g/24?
2
Let k = 93 + 542. Let j = 342 - k. Let x = -207 - j. What is the tens digit of x?
8
Let t(q) be the second derivative of -q**4/12 + q**3/6 + 3*q**2/2 + 6*q. Let z be t(3). What is the units digit of (z + 0)/(-18) - 2180/(-24)?
1
Let t = 1418 - -14951. What is the units digit of t?
9
Suppose x + x - 9654 = -2*g, 4852 = x - 4*g. What is the thousands digit of x?
4
Let b(x) = 190*x - 119. What is the tens digit of b(20)?
8
Let w be 44/10*(-31 - 114). Let s = 513 - w. What is the thousands digit of s?
1
Let h = -48 - -51. Suppose h*j = 4*g + 4 - 1, -4*g + 4*j = 0. What is the units digit of (-8)/g*(-111)/(-4)?
4
Let d = -44591 - -27968. What is the hundreds digit of (-87)/(-232) - (d/(-8))/(-3)?
6
Let b = -21 - -47. Let d = b + -29. What is the units digit of 3*(d + (-20)/(-6))?
1
Suppose -3*j = 2*j + 3*m - 194, j + 3*m = 46. Suppose -4 = 10*z - 8*z - 4*c, -3*c = -5*z - 38. Let i = z + j. What is the tens digit of i?
2
Suppose 143*m + 1604712 = 303*m - 136*m. What is the thousands digit of m?
6
Let a(m) = -m**3 - 4*m**2 + 4*m + 1. Let d(q) = 2*q - 19. Let w be d(7). Let n be a(w). Suppose 2*u - n*u = -568. What is the hundreds digit of u?
1
Suppose z - 2*r = 2092, -z - 4*r = -8*r - 2102. Suppose 3*k + p = 5919, -z = -k - 4*p - 98. What is the units digit of k?
2
Let h be 66/99*6/8*12. Let n(b) = 20*b + 16. What is the tens digit of n(h)?
3
Suppose 154*n + 2625024 = 218*n. What is the thousands digit of n?
1
Let x = -38 - -37. Let p be -1*(2 - 9) + x. Suppose 171 = p*d + 45. What is the tens digit of d?
2
Suppose -5*j - l = -1925, -3*l = 5*j + 2*l - 1945. Suppose -2*v = -4*v - 390. Let r = j + v. What is the hundreds digit of r?
1
Suppose 19*s = 5*s - 5*s + 562666. What is the ten thousands digit of s?
2
Let x(l) = 1064*l**2 - 54*l - 295. What is the units digit of x(-5)?
5
Let i = 666 - 667. What is the tens digit of (-124)/(-248)*(0 + i - -567)?
8
Suppose 0 = 2*m - 2*h - 1366, -5*h + 1013 + 1755 = 4*m. Let v = -423 + m. Suppose v = -3*u + 11*u. What is the tens digit of u?
3
Suppose 0 = -41*j + 5*j - 19*j + 2126685. What is the ten thousands digit of j?
3
Let y be (2/6)/(1/18). Suppose 0 = -5*h - 4*v + 4515, -4*h + 3613 = -3*v + y*v. What is the tens digit of h?
0
What is the thousands digit of (7 - 6)/(100/1209400)?
2
Let h = -52118 - -78059. What is the thousands digit of h?
5
Let b = -68 + 70. Suppose -b = 4*o - 2. Suppose 3*a - 3 = 0, 3*z + 5*a - 13 - 322 = o. What is the tens digit of z?
1
Let o(g) = 9*g**3 + 3*g**2 - g - 1. Let l be o(1). Suppose -40 = l*w + 20. Let z(q) = -q**3 - 5*q**2 + 3*q - 3. What is the units digit of z(w)?
5
Let w(r) = -7*r - r - 4 + 4*r. Let u be w(-1). What is the units digit of ((-441)/15)/((-3 - u)/15)?
7
Let b = -295 + 328. Suppose 3*s - 2595 = -3*z, -3*z - 29*s + 2560 = -b*s. What is the hundreds digit of z?
8
Suppose -2*m = 9*m + 15*m - 995982. What is the tens digit of m?
0
Suppose 0 = 42*a + 19*a + 50*a - 690531. What is the units digit of a?
1
Let i(l) = l**3 - l + 5. Let q be i(0). Suppose -q*n + 31 - 11 = 0. Suppose 0*x - 110 = -x + n*f, 3*x = 4*f + 298. What is the tens digit of x?
9
Let s(f) = -f**3 - 5*f**2 - 12*f - 2. Let p = -84 + 76. Let x be s(p). Suppose 0 = -3*t + t + x. What is the hundreds digit of t?
1
Let a = 33 + -35. Let o(m) = -325*m - 12. Let j be o(a). Suppose -14*x + j = -3*x. What is the tens digit of x?
5
Suppose -34*t = -2*s - 32*t + 4752, -2*s + 4*t = -4758. What is the tens digit of s?
7
Let y be (2/(-2) + 14/4)*6. Suppose -b - 2*b = -y. Suppose b*f = 3*h - 77, 5*h + 0*f - 185 = -3*f. What is the units digit of h?
4
Let v(w) = -211*w + 137. Let i be v(-4). Let f = -514 + i. What is the units digit of f?
7
Let d(x) = 5*x**2 - 45*x - 22. Let n be d(11). Let y = -123 - -319. Let t = y - n. What is the tens digit of t?
0
Suppose 150626 = 3*h - 5*i - 13816, 274070 = 5*h - 5*i. What is the ten thousands digit of h?
5
Let u(y) = 12*y**2 + 12*y - 138. Let a be u(15). Let r = a + -1418. What is the units digit of r?
4
Suppose 62 = -c + 48. Let a be ((-194)/(-4))/(4 + c/4). Let t = 123 - a. What is the units digit of t?
6
What is the thousands digit of 8586